 is the highest common divisor of 16089 and 3379?
31
What is the highest common factor of 10625187 and 51?
51
Calculate the highest common divisor of 319 and 127803.
29
Calculate the greatest common factor of 520 and 37544.
104
Calculate the greatest common divisor of 9 and 7057917.
9
What is the greatest common divisor of 5 and 28349?
1
What is the greatest common factor of 249 and 298136?
83
What is the greatest common divisor of 2213149 and 59?
59
What is the highest common divisor of 9162 and 162?
18
What is the highest common divisor of 180 and 49160?
20
What is the greatest common factor of 361680 and 640?
80
What is the highest common factor of 9834 and 5566?
22
Calculate the highest common factor of 6625 and 530.
265
Calculate the highest common factor of 25916 and 8525.
341
Calculate the greatest common divisor of 777698 and 86.
86
What is the highest common factor of 130 and 1024010?
130
Calculate the greatest common divisor of 553 and 38143.
7
Calculate the greatest common factor of 576 and 10674.
18
What is the greatest common divisor of 2139 and 45198?
93
What is the greatest common factor of 1276 and 1038664?
1276
What is the highest common factor of 83647 and 20822?
359
Calculate the greatest common divisor of 64 and 3783616.
64
Calculate the greatest common divisor of 65378 and 970.
194
What is the greatest common factor of 493 and 1955?
17
Calculate the highest common factor of 3648 and 14972.
76
What is the highest common divisor of 657650 and 150?
50
What is the highest common divisor of 170 and 126565?
85
What is the greatest common factor of 384 and 13341?
3
What is the greatest common divisor of 8905 and 24245?
65
What is the highest common factor of 116032 and 3922?
74
Calculate the greatest common divisor of 200 and 1585.
5
Calculate the greatest common divisor of 66 and 163977.
33
What is the greatest common factor of 98 and 205702?
98
What is the highest common divisor of 25891 and 238?
17
What is the highest common divisor of 35242 and 1578?
526
What is the highest common divisor of 48 and 1071?
3
Calculate the highest common divisor of 55970 and 145.
145
Calculate the highest common factor of 3133 and 35763.
13
Calculate the greatest common factor of 9898 and 7399.
49
What is the greatest common factor of 18 and 71397?
9
What is the highest common divisor of 267302 and 2989?
427
What is the greatest common factor of 1596 and 1728?
12
What is the highest common factor of 240 and 287080?
40
What is the greatest common divisor of 646 and 26401?
17
Calculate the greatest common factor of 1089 and 11913.
33
Calculate the highest common factor of 4136 and 392.
8
What is the greatest common factor of 2860 and 190?
10
What is the highest common divisor of 72388 and 8?
4
Calculate the highest common divisor of 72 and 648.
72
What is the highest common divisor of 66 and 141042?
66
Calculate the highest common divisor of 203071 and 847.
11
Calculate the highest common factor of 4488 and 889746.
1122
Calculate the highest common divisor of 1951991 and 398.
199
Calculate the highest common divisor of 11591 and 3287.
173
Calculate the greatest common factor of 765 and 25551.
153
Calculate the greatest common divisor of 424 and 3208.
8
Calculate the highest common divisor of 32266 and 3094.
442
Calculate the greatest common divisor of 7052 and 23908.
172
What is the highest common factor of 166 and 105991?
83
What is the highest common factor of 42716 and 236?
236
Calculate the highest common factor of 265 and 165625.
265
Calculate the highest common factor of 602330 and 29.
29
Calculate the highest common divisor of 9678090 and 74.
74
Calculate the greatest common factor of 2537 and 7783.
43
What is the greatest common factor of 4520 and 187015?
565
What is the greatest common factor of 1041635 and 70?
35
Calculate the highest common divisor of 779330 and 8.
2
What is the greatest common divisor of 46280 and 13728?
104
What is the highest common divisor of 455 and 999635?
455
What is the greatest common divisor of 93123 and 1809?
27
Calculate the highest common divisor of 374 and 143854.
34
Calculate the highest common factor of 5287 and 1411.
17
What is the greatest common factor of 32 and 4532?
4
Calculate the highest common divisor of 15617 and 485.
97
Calculate the highest common divisor of 1768 and 1887.
17
Calculate the highest common factor of 300 and 23928.
12
What is the greatest common divisor of 832 and 351?
13
What is the greatest common factor of 753888 and 32?
32
What is the greatest common divisor of 2619 and 1197?
9
Calculate the highest common divisor of 4953 and 897.
39
Calculate the greatest common divisor of 253 and 615340.
11
What is the highest common divisor of 450500 and 6360?
1060
Calculate the highest common factor of 229938 and 57.
57
Calculate the greatest common factor of 16243 and 1317.
439
What is the highest common factor of 10234 and 616?
14
Calculate the greatest common divisor of 496671 and 67.
67
What is the highest common divisor of 432 and 337752?
72
Calculate the greatest common factor of 93916 and 4240.
212
Calculate the highest common divisor of 23112 and 60.
12
What is the greatest common factor of 25549 and 638?
29
Calculate the greatest common divisor of 286 and 35087.
13
Calculate the highest common divisor of 30 and 1928835.
15
Calculate the highest common factor of 9658 and 550.
22
What is the highest common factor of 53856 and 241978?
374
Calculate the greatest common factor of 105463 and 1052.
263
Calculate the highest common factor of 66671 and 171.
19
Calculate the greatest common divisor of 34419 and 1848.
231
What is the highest common divisor of 603 and 180?
9
What is the highest common divisor of 38646 and 126?
18
Calculate the greatest common divisor of 1638 and 18382.
182
What is the highest common divisor of 17738 and 6272?
98
Calculate the highest common divisor of 3168 and 1413126.
198
What is the highest common divisor of 75693 and 138?
69
What is the greatest common divisor of 13298 and 1159?
61
What is the highest common divisor of 20823 and 473?
11
What is the highest common factor of 94633 and 154?
77
What is the highest common divisor of 614282 and 202?
202
Calculate the greatest common divisor of 65 and 1736345.
65
What is the highest common factor of 11697 and 105?
21
What is the greatest common divisor of 356858 and 38?
38
What is the highest common divisor of 96311 and 411?
137
Calculate the greatest common divisor of 10690 and 95.
5
Calculate the greatest common divisor of 72 and 120654.
18
Calculate the highest common factor of 16298 and 14906.
58
What is the highest common divisor of 430 and 750565?
215
Calculate the highest common divisor of 7 and 303499.
7
Calculate the greatest common factor of 62726 and 310454.
794
What is the greatest common factor of 3 and 411351?
3
What is the highest common divisor of 15871 and 16947?
269
What is the greatest common factor of 48195 and 1470?
105
Calculate the highest common divisor of 1464785 and 35.
35
What is the highest common divisor of 638 and 5346?
22
What is the highest common divisor of 129 and 2581806?
129
What is the greatest common factor of 2518880 and 156?
52
What is the highest common divisor of 19723 and 3025?
121
What is the highest common divisor of 876 and 31656?
12
Calculate the highest common factor of 24 and 34188.
12
Calculate the highest common factor of 280 and 24780.
140
What is the highest common factor of 11293 and 3928?
491
What is the greatest common divisor of 5941331 and 11?
11
Calculate the highest common divisor of 366 and 1068598.
122
Calculate the highest common factor of 1081 and 3920787.
1081
What is the greatest common factor of 214479 and 63?
9
Calculate the greatest common factor of 4147 and 1664.
13
Calculate the greatest common divisor of 2335 and 119552.
467
Calculate the highest common factor of 104 and 5135.
13
What is the highest common divisor of 98653 and 2115?
47
What is the highest common divisor of 2085864 and 132?
132
Calculate the highest common divisor of 68 and 4796.
4
What is the highest common divisor of 352635 and 30?
15
What is the greatest common divisor of 232203 and 261?
87
Calculate the highest common divisor of 8306057 and 302.
151
What is the highe